15)?
-13
What is 56 + 22 + -9 + 3 - -9?
81
Evaluate (22 - (-29 + 34)) + 37 + -9.
45
Calculate 21 - 13 - (1 - (6 - 2) - (-2 + -58)).
-49
Evaluate (44 - (-72 + -46)) + -88.
74
Calculate (2 + 2 - (-7 - -3)) + (-26 + 1 - 33).
-50
Calculate -130 + 59 - (1 + (7 - (8 - 4))).
-75
Evaluate -129 - (-11 - -39 - 70).
-87
1 + -14 - (-64 - -125 - (102 + 17))
45
-6 + (-4 - -6) - (47 - 4 - (-1 + 4))
-44
Calculate -12 + (51 - (6 - -11)) + -1 + -8 + -40.
-27
-24 + 23 + (-36 - 2) - 14
-53
What is -3 + 12 - ((-3 - 1) + 6 + 33)?
-26
What is the value of 18 + -2 - (-67 + 1 + 55)?
27
What is -127 + 83 - 21 - -70?
5
Evaluate 0 + -2 - (-15 + (-22 - (-6 - 8))).
21
Calculate 51 - 8 - -24 - 24.
43
Evaluate (27 - -25) + 66 + -102.
16
What is 17 + 30 + -8 + 2 + 4 - 9?
36
Evaluate 113 + (-1 - -2) + 108 + -49 + -60.
113
Calculate (1 - 18) + 18 + 16 + -10 - -59.
66
(27330 - 27434) + 61 + 1
-42
Evaluate -95 + (-41 - -176) + -118.
-78
Evaluate -43 - (12 + (9 - (-23 - -55))).
-32
What is the value of 2718 - 2712 - (-1 + (50 - -1))?
-44
Evaluate 126 - 131 - -134 - 84.
45
Calculate (96 - 2) + (-20 - -22 - 8).
88
Evaluate 85 - (-1 + 64 + -31).
53
Calculate 4 + -2 + -102 - (96 - 50 - 32).
-114
Calculate 32 - (1 - (3 + 10) - (-506 + 489)).
27
What is 25 - 5 - (-302 + 243)?
79
What is 15 + (15 + 3 - 13) + -3 + -13?
4
(28 + 7 - (10 - -10)) + 46
61
Evaluate 30 - (-11 + -89) - 170.
-40
-23 - (-27 + 20 - 27) - 38
-27
-7 + 2 + (0 - 60) - (-162 + 154)
-57
What is -29 - ((18 - -10) + 26 + -50)?
-33
Calculate (-1950 - -2060) + -42 + 2.
70
What is the value of 92 + 9 + -96 + -75 + 0 + 10?
-60
What is (-18 - 44) + -32 - -54?
-40
-22 + 28 - (18 + (4 - (-4 - -6)) + 0)
-14
Evaluate -7 - -8 - ((11 - (8 + -1)) + (-3 - -1)).
-1
What is the value of -82 + 1 + -4 + 5 + 49?
-31
51 + (73 - 103) + (-1 - 9) - 57
-46
Calculate 103 - ((36 - (3 + -3)) + 496 + -514).
85
Evaluate -10 - (-16 + 6) - ((-2 - -8) + 54).
-60
1786 + -1763 + (0 - 77)
-54
What is the value of 118 + -53 + 8 + -54?
19
Evaluate (-2 - -15 - -10 - 35) + -116 + 9.
-119
What is (-57 - -73 - (1 + -2)) + -67?
-50
Calculate 130 - (-52 + 145 - 11).
48
What is (62 - 97) + (-1 - -37)?
1
(78 - -44) + (-45 - -38)
115
Evaluate (-33 - -58 - -66) + -5 + 5.
91
Evaluate (-75 - (-176 + 143)) + 41.
-1
Evaluate (-17 - -44 - -4) + -92 + -9.
-70
Evaluate -13 + -1 + (-123 - (-185 + 122)).
-74
Evaluate 77 - (-9 + (5 - (-1 + 0)) + (-10 - -19)).
71
Calculate (-26 - 20) + 90 - 94.
-50
What is -2 - -1 - (-2525 - -2502)?
22
-81 + (-32 + (-29 - -30) - -27)
-85
Calculate (-20 - -10) + (7 + -15 - -15) + 43.
40
What is the value of 4 - (24 + -35 - -121 - 32)?
-74
-62 + 1 - (14 + -5 - (-30 + 34) - 12)
-54
Evaluate 2558 + -2540 - (-7 + 4 - -127).
-106
-9495 + 9550 - (0 - 70)
125
What is the value of (12 - (11 + -19 - 16)) + -33 + 25?
28
What is 7 - (39 + -9 + 10)?
-33
Calculate (-10 - ((39 - 17) + -18)) + 22.
8
-61 + 89 - -4 - (9 + 1)
22
Calculate (-16 - -4) + 4 + (-5 + (11 - -6) - 8).
-4
What is 49 - (16 + -20) - (-2 - (-2 - -3))?
56
-6 - (73 + -20 + 21 + -5 - 2)
-73
What is -962 + 1149 + (-101 - 1)?
85
Evaluate -2 + (-2 - -4) + 2 + (-350 - -59) + 366.
77
56 - (61 - 97 - -2)
90
Calculate 30 + -7 + -42 + 21 + -35.
-33
What is the value of -7 - -17 - ((22 + -27 - 1) + (1 - -68))?
-53
What is the value of 12 + -53 + -8 + 28?
-21
Calculate -10 + (6 - -7) + 48 + -100 + 118.
69
What is the value of 55 + (136 - (110 + 54))?
27
What is the value of 98 - (-99 + (-30 - -170))?
57
Evaluate (11 + 3 - 9 - 45) + 5 + -9.
-44
Evaluate 58 - (-6 + 24 + 0).
40
What is -29 + (14 - (93 + -150))?
42
What is the value of (-45 - -2) + -151 + 172 + -11 + 0 - -3?
-30
-21 + 30 + -105 + (28 - (21 + -7))
-82
What is 0 + -18 - (419 + -607 + 32)?
138
What is 27 - (67 + 7) - (5 - 0 - 15)?
-37
What is the value of 19 - (13 + (-8 - -6) - (0 + -12))?
-4
Calculate (2 - 7) + -518 + 500.
-23
What is -404 - (-10 - 120) - -146?
-128
-28 - (-14 - -13) - 17 - (0 - 6)
-38
-20 + 78 + -57 + 28
29
Evaluate (-799 - -708) + (16 - -170).
95
Calculate (-9 - 0) + 33 + 116 + -38.
102
What is the value of 10 + -49 + 1 + (-14 - (-19 - -14))?
-47
Calculate (236 + -225 - (-2 - 2 - -3 - -17)) + 58.
53
Calculate 18 + (-4 - -37) + -81.
-30
What is the value of ((-14 - -7) + -3 - -5) + 12?
7
What is the value of (21 - -2) + (-173 - -174) + -52?
-28
Calculate 28 - (-6 + (-94 - -103)).
25
What is -116 - -113 - (1 - (0 - -58))?
54
What is (1 - 1) + 50 - ((41 - 89) + 54)?
44
-69 - (-19 + 39) - -30
-59
What is -93 - (-10 - 73) - (1 + -66 - 0)?
55
What is 33 + (-14 - -23 - (7 - 6 - -9))?
32
What is the value of (-101 - -179) + -28 + -14?
36
What is -40 + (102 - (95 + -30))?
-3
Calculate 49 - -11 - (175 + -126).
11
What is the value of -100 - (6 - (15 + -6)) - (-5 - (-4 - 15))?
-111
Calculate 43 - 11 - (-6 - (2 + -6 + 0 - -7)).
41
(2 + -8 - (-4 - 2)) + (-95 - 2)
-97
What is 25 + -13 + (47 - (2 + -6)) - (-3 + 8)?
58
Evaluate 115 + (-58 - -37) + -121.
-27
Evaluate (1 - -49) + (20 - 22) + (12 - 4) + -6.
50
What is the value of -31 - (50 + -44 + -70)?
33
(2 - -2) + (2 + -1 - -1) - (173 + -225)
58
-136 + 109 + (-1 + 5 - (24 - 20))
-27
What is (2 - (-4 - -14)) + (-52 - (73 + -27))?
-106
Evaluate -1 + -1 - ((-4 - (-7 + 1)) + 91 + -83).
-12
What is 136 - (162 + (-206 - -104))?
76
What is the value of 67 - (-13 - 10 - -50)?
40
Calculate 111 - (104 - (68 + -85)).
-10
Calculate (-29 - (-24 - (14 - 31))) + 128.
106
Evaluate 60 - (3 - (-34 + (-17 - -34)) - 38).
78
What is the value of (-74 - (-21 + -46)) + (1 - 13)?
-19
What is 11 - (60 + -9 + (65 - 70) + 1 + 8)?
-44
What is the value of 7 - (-3 + 2) - (-17 + (-33 - (-18 + -7)))?
33
Calculate (-3 - -12) + 27 + 0 - 10.
26
Evaluate 9 + 2 - (-46 + 79 + -50).
28
Calculate -8 + 57 - 82 - -78.
45
What is the value of -12 + (-34 - -45) + (-1 - 1)?
-3
Calculate (-2 - (-1 - -2) - (-4 - -4) - -14) + -89.
-78
What is -10 - (-10 + (40 - -5))?
-45
Calculate 13 + (35 - (22 - 7)) - (-11 - -1).
43
Evaluate -9 + -77 + 5 + 18 + -3.
-66
Calculate -9 - 8 - (-10 + 56 + (20 - 13)).
-70
Calculate -47 - 4 - (-8 + 8 - (16 - 17) - -1).
-53
Evaluate -1 - ((0 - 8) + 2) - (10191 - 10223).
37
(5 - (7 + -8) - -10) + -37 + -10 + 0
-31
What is the value of 38 + -23 + 12 + -14 + 7?
20
Calculate 3 + 2 + (-7 - 45) + 7 + 7.
-33
65 - 157 - (-85 - -7)
-14
Calculate 3 + (21 - 64 - -49) + (-1 - 57).
-49
What is 11 - ((70 - -29) + -61)?
-27
-1980 - -1981 - (-9 + -105)
115
What is the value of -9 + 8 + (6 - 2 - 8) - (-1 - -13)?
-17
Evaluate 8 + (35 - (-27 - -59)) - 52.
-41
What is the value of -37 - 0 - -99 - 25?
37
What is -22 + (20 - (26 + -1 + (211 - 219)))?
-19
What is the value of -2 - (1 + -12 + (-872 - -833) + 0 + 6)?
42
What is the value of (32 - (-2 + 26 + 0)) + 0 + 4?
12
Calculate (-1581 - -1592) + 1 + 1 + 35 + 0.
48
Calculate 0 + 5 + 6 - 4 - (0 + 89 - 5).
-77
5 + (1 + 101 - -8) + (-11 - -12)
116
-1 + -1 + 21 + (-45257 - -45124)
-114
What is the value of -456 - -447 - (5 - (64 + -6))?
44
What is 4 - ((-2 - (-2 - 2)) + -135 + 65 + -4)?
76
-12 + -3 + 580 + -636
-71
What is the value of -130 - -51 - (32 + -95)?
-16
What is 55 - (5 + -4 + (0 + -4 + 10 - 11))?
59
What is the value of -7 - (-21 - (-3 + -3 - 1 - (28 - 27)))?
6
What is -11 + 10 + (-5 - (-10 + 8)) + 0?
-4
Evaluate 9 - -84 - (-67 + 157 + -136).
139
What is (406 - 413) + (-38 - (-6 + 3 - 1))?
-41
What is the value of -11 - (19 - 42) - 25 - 18?
-31
What is (19 - (-8 - 3)) + -12 + -11?
7
What is -28 - (71 - (66 - -11))?
-22
What is the value of -94 + -3 + 2 + (-1 - 12) + 75 + -65?
-98
What is -2 + 4 + 8 + (19 + -1 - 6 - 3)?
19
Calculate -3 - 2 - (382 + -398).
11
Evaluate (18 - 23) + 4 + 0 - (58 - -9).
-68
-15 - (-24 + (0 - -9 - -5)) - 8
-13
Calculate 80 + (1 - 27) + -13.
41
What is 8 + (-27 - -3) - (0 + (17 - 12))?
-21
What is the value of (4 - -4) + -42 + 22 - (-39 + 12)?
15
-87 + 74 + -11 + 0
-24
What is -4 + 85 - (-40 - ((55 - 10) + -84))?
82
Evaluate (11 - (4 - (-4 - -3))) + 4 + -13 + -38.
-41
(6825 - 6846) + (-12 + 0 - -1)
-32
What is the value of -2 - 41 - (-11 - (15 + -46 + 27))?
-36
What is the value of 8 + (22 - (-4 + 17)) + 10?
27
What is -1516 + 1488 - (26 + -28 + -9 + 1 + 0)?
-18
43 + -53 - (3 - -1 - -7 - -3)
-24
Calculate (9 - (0 - 1)) + -36 + (8 - -3 - -19).
4
Evaluate (20 + -65 - -51) + -83.
-77
What is the value of (14 - 20 - (8 - -7)) + 0?
-21
0 + 0 + (-447 